*5/60 + f**4/2 + 5*f**3/6 + 12*f**2. Let z be w(-6). Suppose 9*x - 14*x = -z. What is the tens digit of x?
0
Let d = 193 - 187. Suppose 1977 = d*f + 627. What is the units digit of f?
5
Let l(f) = 2*f - 5*f + 19 - 14*f**2 - f**3 + 2*f. Let s be (3/(-2) + 275/(-22))*1. What is the tens digit of l(s)?
3
Let b = -139 + 142. Suppose 5*g - b*k + 17 = -98, 4*g + 70 = -2*k. Let p = g + 75. What is the units digit of p?
5
Let u = 1032 + 1744. What is the units digit of u?
6
Let m(k) = 2*k - 8*k**2 + 404 - 396 - 2*k**2 - k**3. Let y be m(-10). What is the tens digit of (-231)/y + (-2)/8?
1
Let f(b) = -b**2 - 17*b - 17. Let i be f(-13). Suppose 2*p + 4 = v, 3*v + 13 = -4*p + i. Suppose v*c - 262 = 128. What is the tens digit of c?
6
Let y(w) = 86*w**2 + 2*w - 1. Suppose 19*k + 85 = 14*k. Let o(z) = -257*z**2 - 6*z + 3. Let m(b) = k*y(b) - 6*o(b). What is the units digit of m(1)?
1
Let u be 1 + (-45)/39 + 246/78. Suppose u*x - 827 = 43. What is the units digit of x?
0
Let y = 59256 - 40681. What is the hundreds digit of y?
5
Let l(d) = -3*d - 2. Let p be l(-4). Suppose 3*g = -3*o + 4365, 2*o - 1066*g + 1069*g - 2917 = 0. Suppose -p*w = -2*w - o. What is the units digit of w?
1
Let d be (-534)/(-27) - (4 + (-114)/27). Let q(p) = p**3 - 20*p**2 - 5*p - 36. Let l be q(d). Let r = -8 - l. What is the tens digit of r?
2
Let n(o) = -o**3 - 158*o**2 + 1155*o + 295. What is the tens digit of n(-166)?
1
Suppose 9 - 110 = 2*y + 3*s, -s = -5. Let v be (-3)/(-24)*y + (-3)/(-12). Let q = 18 + v. What is the units digit of q?
1
Let z(s) = -s**3 - 15*s**2 + 11*s + 1. Suppose 4*x = 4*t + 68, 0 = 3*t + 4*x - 8*x + 51. What is the tens digit of z(t)?
9
Suppose -4075 - 805 = -2*l. Suppose 89*u + l = 94*u. Suppose 4*r - 6*c + 4*c = 986, -4*c + u = 2*r. What is the hundreds digit of r?
2
Suppose -i - 1086 = -1067. Let c(x) = -x**3 - 20*x**2 - 39*x - 40. What is the hundreds digit of c(i)?
3
Let q(p) = -91*p - 344. Let g(y) = -180*y - 688. Let n(k) = -3*g(k) + 5*q(k). What is the units digit of n(12)?
4
Suppose 349693 = 61*p - 316000. What is the tens digit of p?
1
What is the hundreds digit of (4/(-5))/(14/(-35)) + (-1040553)/(-27)?
5
Let d(b) = 318*b - 20. Let h be d(9). Let o = h + -1985. Suppose -11*g + o = 230. What is the tens digit of g?
5
Let x be (8 + 25/(-5))/((-3)/184). Let i = x - -837. What is the units digit of i?
3
Suppose 541*y = 542*y + 6. What is the hundreds digit of (y/5)/((-12)/2680) - 2?
2
What is the tens digit of (-85783653)/(-1545) - (-2)/(-5)?
2
Let c = -227 - -231. Suppose -d + 286 = -c*u, d - 6*d = -3*u - 1379. What is the units digit of d?
4
Let b(p) = 6*p - 7*p**3 - 54*p**3 + 1 + 4*p**2 - 289*p**3. What is the tens digit of b(-1)?
4
Let m = 110 + -102. Suppose m*b - 5058 = -b. What is the tens digit of b?
6
Let w be ((-6)/4)/(60/(-32) - -2). Let b(x) = -2*x - 22. Let o be b(w). Suppose -o*u + 127 = -u. What is the tens digit of u?
2
Let i(d) = -193*d + 9065. Let s be i(47). Suppose -3*b = -26 - 64. What is the tens digit of (b/s)/((-2)/6)?
1
Let y(f) = 24*f - 79*f - 123 + 144. Let q(n) = -28*n + 11. Let d(j) = 5*q(j) - 3*y(j). What is the units digit of d(5)?
7
Let v be 6 - 3 - (0 + 0). Suppose v*l - 552 = 4*t, 2*l - 5*l - 4*t = -576. What is the hundreds digit of l?
1
Suppose 3*m - 5*b - 14382 = 0, -6 = -30*b + 28*b. What is the units digit of m?
9
Let n(f) = -808*f - 11. Let w be n(-1). Suppose 5*i - w - 1316 = -o, -410 = -i + 4*o. What is the tens digit of i?
2
Suppose 3*u + 642 = -w - 388, -5*w = u + 334. Let k = u + 616. What is the tens digit of k?
7
Let b(o) = 2*o**3 - 17*o**2 + 13*o + 163. What is the tens digit of b(15)?
8
Let k be (9 - (22 + -11)) + (0 - -8). What is the tens digit of 4*(-12)/16*(-340)/k?
7
Suppose -5*b - 4*y = -36, -4 = -b + 5*b - 5*y. Suppose w + 10 = -b*f, 6*f - 16 = -2*w + 7*f. What is the units digit of w?
6
Suppose 0 = -q + 3*q - 128. Let m be -2 + 2 + 203 + 6 + -4 + -1. Suppose 5*c + 41 + m = 5*k, 2*c = -k + q. What is the tens digit of k?
5
Let l = -55 + 60. Suppose -u + 0*n + 508 = n, -l*u - n + 2552 = 0. What is the tens digit of u?
1
Let r = 115 - 110. Suppose -3*n + 2099 = -r*q, 5*q = 9*n - 13*n + 2822. What is the hundreds digit of n?
7
Let b be 4/(-4)*1*-4. Suppose -v - 2*j + 4 = 0, -3*v + 3*j = -7*v + 16. Suppose -v*h = -2*x - 2*h + 170, 5*x = -b*h + 425. What is the tens digit of x?
8
Let n(l) = 5*l**2 - 54*l - 17. Let s be n(13). Let u = 464 + s. What is the units digit of u?
0
Let y(i) = -3465*i + 13. Let o be y(-1). Suppose -7*w = -o + 1210. What is the hundreds digit of w?
3
Let p = 396 - 402. Let s(o) = -61*o - 169. What is the tens digit of s(p)?
9
Suppose -21*o + 19*o - h + 1965 = 0, 3*o = 5*h + 2954. What is the tens digit of o?
8
Let a(u) = 9*u + 14. Let h be a(-2). What is the tens digit of 2/h + (-641)/(-2)?
2
Let q(x) be the third derivative of 77*x**4/12 + 14*x**3/3 - 100*x**2. What is the units digit of q(5)?
8
Let h(k) = -k**3 - 3*k - 2. Let o(b) = 15*b + 8. Let z be o(-3). Let m = 35 + z. What is the tens digit of h(m)?
1
Suppose -i - 44339 = 3*k, -14785 = -20*k + 21*k - i. What is the hundreds digit of (-14 + k/(-13))/(1 - 0)?
1
Let h be 213/18 + (-2)/(-12). Suppose -3*y - 27 = -3*g - 6*y, 4*g - 2*y - h = 0. Suppose -j + g*l = -1, 4*j - 2*l - 43 - 51 = 0. What is the tens digit of j?
2
Let m = 583 - 561. What is the hundreds digit of m/11 - (-3 - 123)?
1
What is the units digit of ((-4)/((-4)/(-1885)))/(23/(-115))?
5
Let w = -90 - -87. What is the units digit of 69513/187 + w/(-11)?
2
Let i = -13 - -16. Let u be (-1)/(-3) - 7/i. What is the units digit of (0 - 890/(-45)) + u/(-9)?
0
Let p = 124 + -75. Let z = 73 + p. Let h = z + -65. What is the units digit of h?
7
Let t = 2238 - 1264. Suppose -5016 = -5*a + 2*a + 3*m, 2*m + 10 = 0. Suppose -19*c = -t - a. What is the units digit of c?
9
Let k = 59 + -52. Suppose k*u - 840 = -u. What is the units digit of u?
5
Let g(a) be the third derivative of a**5/30 - 3*a**4/8 - 9*a**3/2 + 5*a**2. Let w be (-2)/(-12)*44/(-22)*-39. What is the units digit of g(w)?
4
Let y be 35/5 + (-2)/2. What is the hundreds digit of (-16 + 4 + -6)/(y/(-40))?
1
Let g be (-180)/(-50) - 1/5*-2. Suppose 840 = g*j - 1016. What is the hundreds digit of j?
4
Let n = -233 - -235. What is the hundreds digit of -6 + (-2715)/(-6) + 1/n?
4
Suppose -6*v + 20399 - 1470 = -4963. What is the units digit of v?
2
Let h be (1 - -2 - -3)*24/18. Suppose 0 = x - 3*l - 594, -5*x + 12*l - h*l = -2926. What is the units digit of x?
2
Suppose 467*r - 4664 = 475*r. Let q = -341 - r. What is the units digit of q?
2
Suppose 11 = 5*p - 4. Suppose 8*y + p*y - 3817 = 0. What is the units digit of y?
7
Suppose 7*o - 5*w - 53973 = 5436, 4*o - 33948 = -5*w. What is the units digit of o?
7
Suppose 2*u - 4*z - 55744 = 0, 4*z + 31779 = -4*u + 143267. What is the thousands digit of u?
7
Let n(m) be the first derivative of -m**4/4 - 8*m**3/3 - 9*m**2 - 13*m - 441. Let u = 9 + -15. What is the units digit of n(u)?
3
Suppose 5*n + s - 91052 = 0, -4*n + 72857 = 150*s - 147*s. What is the tens digit of n?
0
What is the tens digit of (1808585/(-435))/(3/(-9))?
7
Let x(z) = -213*z - 256. What is the tens digit of x(-4)?
9
Suppose 39*l + 115*l = 1188418. What is the hundreds digit of l?
7
Let g(c) be the third derivative of -c**6/120 - c**5/10 - 7*c**4/24 - 2*c**3/3 - 14*c**2. Let m be g(-5). Suppose -m*u + 55 = -u. What is the units digit of u?
1
What is the thousands digit of (-5 + (-153503)/35)*15/(-10)*5?
2
Let n(y) = -y**2 + 11*y + 17. Let p be n(12). Let z be -1 - -2 - p - -168. Let w = -120 + z. What is the tens digit of w?
4
Suppose -134*x = 22*x - 866112. What is the hundreds digit of x?
5
Suppose 3*z + 8 = 5*z. Suppose 22*d = 18*d + 244. Suppose z*o = d + 3. What is the tens digit of o?
1
Let t = 3 + 9. Let x be (-72)/t*8/3. What is the units digit of (-21)/(-1 + (-4)/x)?
8
Let v(z) = 9*z**3 - 3*z**2 + 3*z - 3. Let c(p) = -p**3 - 23*p**2 - 21*p + 22. Let i be c(-22). Let x be (i - 5)*1 + 8. What is the hundreds digit of v(x)?
2
Suppose 0 = q - 307 + 320. What is the units digit of (-4 - q)/(9/150)?
0
Let k(l) = l**3 - 2*l**2 + 2. Let o be k(2). Suppose 5*t + 0 = 10. Suppose -2 = u, -7 = y - o*y - t*u. What is the tens digit of y?
1
Suppose 36*q = 28*q + 27296. Suppose 88*p - q = 84*p. What is the